73 + 6 + (-190)/32 composite?
False
Suppose 5*h = 10*h - 3310. Suppose -b + r + 879 = -6*b, r = b + 171. Let w = h + b. Is w prime?
True
Let d(x) = -x**2 + 5*x - 6. Let p(m) = -2*m**2 + 9*m - 11. Let k(u) = -11*d(u) + 6*p(u). Let j be k(9). Let a = 223 + j. Is a a prime number?
False
Let b(w) = -w**3 - 21*w**2 - 3*w - 55. Let y be b(-21). Is 209 - (2/y)/((-20)/400) a composite number?
True
Let x = 220242 + -154021. Is x a composite number?
False
Suppose 2 = -2*q + 3*r, 0 = -q + 5*r - 1. Let p be 22*q + 1 + -3. Is (848/p)/((-4)/6) prime?
True
Let t = -36 + 282. Suppose 0*f - 215 = 5*f. Let p = f + t. Is p a composite number?
True
Suppose -2*x = -13*l + 16*l - 891368, 0 = -3*x - 2*l + 1337047. Is x composite?
True
Let z be (-1)/(-1)*(10602 + 2). Suppose -z = -7*y + 4943. Is y composite?
False
Let l = 20676 + -36564. Let s = l - -25741. Is s composite?
True
Suppose 8*v + 996 = 4*v. Is 5 - (v/5 - (-1)/(-5)) a composite number?
True
Let j(m) = 11 + 53*m - 68*m + 55*m. Let v(f) = f + 16. Let a be v(-8). Is j(a) composite?
False
Let u = -319 - -323. Suppose u*g - p = 2*p + 14261, -10732 = -3*g - 5*p. Is g a composite number?
True
Let m(z) = 404*z**3 + 10*z**2 - 41*z - 3. Is m(8) a prime number?
False
Suppose 3*j = -4*p + 275366 + 958391, -7*p = 4*j - 2159071. Is p prime?
True
Let n(k) = 27*k**2 - 2*k. Let p be n(2). Is 3562/p*(67 + 1) a prime number?
False
Let n = -303470 - -561663. Is n a composite number?
True
Let h = 329311 - 152500. Is h a composite number?
True
Is -3 - 467640/162*(-33)/2 a composite number?
True
Suppose -164 + 60 = -26*o. Suppose -9868 - 6832 = -5*t - 3*z, 5*z + 13397 = o*t. Is t a prime number?
True
Let g = 82 - 85. Is 1537 - (-4 - -7)*1/g a prime number?
False
Let s be (-8)/2*(3/12 - -2). Let o be -1 - (21795/6 + s/6). Let v = 5199 + o. Is v a prime number?
True
Suppose -11*r + 122*r - 640803 = 0. Is r prime?
False
Let o be 4/(-2) - (-2565 - 13). Let w be (-33)/(8/(o/(-3))). Suppose 0 = -5*k - 0*k - r + w, 5*k - 3548 = r. Is k a prime number?
True
Let n(h) = h**3 + 15*h**2 + 24*h - 24. Let q be n(-13). Suppose -y - 7013 = -q*y. Suppose -2*p + 3499 = f - 6*f, -4*p + 5*f = -y. Is p composite?
True
Let i = 5 - -950. Let y = -306 + i. Is y a prime number?
False
Suppose 0 = 2*a - 9*a. Suppose -3*c - 1951 = -6*c + 5*i, a = 5*c - i - 3237. Let k = -16 + c. Is k prime?
True
Let m = -173569 + 253326. Is m prime?
True
Let w(j) = 2455*j - 31. Suppose -4*i + 24 = 2*o - 4, -2*i + 3*o = -6. Is w(i) a composite number?
False
Suppose -v = -7*b + 139430, v = -13*b + 15*b - 39835. Is b a composite number?
False
Let v(c) = -12826*c + 1045. Is v(-3) prime?
False
Suppose -4*a + 424851 + 3851177 = 0. Is a prime?
True
Let p = 654776 + -212757. Is p prime?
True
Let y = 19 - 20. Let j be y/(4 + 0) - (-34)/8. Is (j + -3)*-7*-223 composite?
True
Let f(t) = -34*t + 61591. Is f(0) a composite number?
True
Suppose 31913 = 2*j - 3*y, 52*y = -2*j + 56*y + 31918. Is j prime?
False
Suppose -4*y = -z, -3*z + 4*y = -0*z. Suppose -m + 2*v + 5639 = z, 4*m - 4*v = -5*v + 22556. Is m a prime number?
True
Let i(l) = l**2 - 9*l - 19. Suppose -3*o + 2*s = -3*s + 7, -14 = o - 4*s. Let r be -1*15/o*-6*1. Is i(r) a composite number?
False
Is (-247)/1729*(-253757 + (0 - 0)) a prime number?
True
Let d = 474254 - 212373. Is d prime?
True
Is (-10)/(-150)*-35 - (-1094816)/6 prime?
True
Let m = 113458 + -8999. Is m a composite number?
False
Suppose -y + 12*y = 33. Suppose -12984 = y*n - 11*n. Is n a prime number?
False
Let b = -845408 - -1520097. Is b a composite number?
True
Let j = -9 + 14. Let t be (3/j)/((-10)/(-50)). Suppose 3*y = -4*b + 2353, -2*y - 1019 = t*b - 2586. Is y prime?
False
Let r(w) be the second derivative of 0 - 1/6*w**3 + 45*w - 1/12*w**4 + 1/20*w**5 - 11/2*w**2. Is r(4) a composite number?
True
Suppose 163*l = 36861254 + 17215137. Is l a composite number?
True
Let c(w) = 12*w - 420. Let d be c(35). Let f(i) = 1373 - 3*i**2 - 118 + 5*i**2 - 2*i. Is f(d) prime?
False
Suppose 3*k = -4*h + 6*k - 4017, -h + 4*k = 988. Let p = -2462 + 4841. Let j = p + h. Is j a composite number?
True
Suppose 10333911 = 175*q - 12051437 + 4420023. Is q composite?
True
Let u(r) = -r + 8. Let a be u(4). Let m be (-25)/a - (-5)/20. Let g(p) = -122*p + 13. Is g(m) a composite number?
True
Let o(r) = -87*r - 56. Let p = 225 - 242. Is o(p) prime?
True
Let r = 156726 - 61705. Is r prime?
True
Let y = 606 + -349. Let x be (-8)/(-2) - (1 + (6 + -10 - -2)). Suppose 2*a - x*r + 6*r = y, -3*r + 9 = 0. Is a composite?
False
Let a be (3 - 2)/((-10)/(-126610)). Suppose 0 = 12*q - q - a. Is q composite?
False
Let n(x) = -197*x + 59. Let y(p) = -983*p + 294. Let h(s) = -11*n(s) + 2*y(s). Is h(4) a prime number?
True
Let k(n) = n. Let b(p) be the second derivative of -81*p**3/2 - 3*p**2/2 + 9*p. Let m(c) = b(c) - 2*k(c). Is m(-2) prime?
True
Suppose -2*x + 45850 = 2*h + 2*x, 2*h = 3*x + 45850. Suppose -316265 = -12*y - h. Is y composite?
True
Let v = 819490 + -346569. Is v composite?
False
Suppose -4*p - 23*d + 20*d + 26 = 0, -3*p + 3*d + 9 = 0. Let j be (1/(-2)*0)/1. Suppose -3*q + 378 = -q + i, p*q - 2*i - 963 = j. Is q composite?
False
Let l(k) be the third derivative of -23*k**2 + 1/8*k**4 + 0*k + 739/30*k**5 + 0 + 1/3*k**3. Is l(-1) a composite number?
True
Suppose -17*d = -29*d - 309336. Let i = -2857 - d. Is i a prime number?
True
Suppose 75 = 5*x + 40. Let t(i) = 461*i**2 - 13*i + 85. Is t(x) a composite number?
True
Let x(g) = 332*g**2 - 34*g - 857. Is x(-15) prime?
True
Let u = 78541 - 34388. Is u a prime number?
False
Let f be -5 + (6 - 5)/((-1)/(-3)). Let j be (1/f)/(10/(-100)). Suppose -j*v - 16 + 182 = m, 5*v = -2*m + 357. Is m a composite number?
False
Let c be ((-6)/12)/(-1 + (-6)/(-8)). Suppose 11133 - 2499 = c*a. Suppose 13*d = 10*d + a. Is d a prime number?
True
Suppose 5*n = -l - 26, -1 = 4*l + 3. Let u(x) = 3. Let v(t) = 112*t**2 + 14*t + 2. Let g(p) = 3*u(p) + v(p). Is g(n) a composite number?
False
Is 4 + (-76)/24 - -453013*4/24 prime?
True
Suppose 3*s + 15 = 0, 4*q = -10*s + 8*s - 10. Suppose -34*r + 4*r + 84570 = q. Is r a composite number?
False
Let p = 53 - 52. Let b be 48/(-18) - 2/6*p. Is (-15)/10*1984/(-6) - b a composite number?
False
Suppose 42*u - 9*u - 2029132 = -48505. Is u composite?
True
Let i(r) = 269485*r - 520. Let d(p) = -15852*p + 31. Let z(t) = 35*d(t) + 2*i(t). Is z(-5) composite?
True
Let q(x) = 23484*x - 5123. Is q(3) composite?
True
Suppose 24*o + 50 = 29*o. Suppose o = 2*c, 2*k - 5*c = 5*k - 7276. Is k a prime number?
True
Is -146 + 146 + (19847 - 0) a composite number?
True
Let p = -2 + 14. Suppose 0 = -p*k + 9010 + 76934. Is k a composite number?
True
Suppose r = n + 17, 3*r = 2*n + 49 + 4. Suppose r*k + 14510 = 61288. Is k composite?
True
Suppose 15730 = 128*u - 127*u. Let f be (-600)/33 - (-6)/33. Is u/8 + f/(-24) composite?
True
Let w(b) = -b**3 + 6*b**2 - 4*b + 4. Let o be w(5). Suppose -6095 = -o*g - 416. Is g a prime number?
True
Let d(z) = z**2 + 1. Let w(l) = 251*l**2 - 15*l - 1. Let o(m) = 2*d(m) + w(m). Is o(-3) composite?
True
Is 0/(9 - -5) + 100237 a composite number?
False
Let c = -241 + 4827. Suppose -2*k + 46*j + c = 50*j, -3*k + 5*j = -6879. Is k a composite number?
False
Let s be 1/((12/1020)/((-72)/(-10))). Suppose -n + 3054 = 5*k, -k + 0*k = -n - s. Is k prime?
False
Let p = 11 + -7. Let r be 3 + (-114)/p - (-2)/4. Let a = 58 + r. Is a prime?
False
Suppose -4*b + 3*h = -4589176, 1416*b = 1418*b - 4*h - 2294578. Is b a prime number?
True
Let g be (-96562)/(-8) - ((-116)/(-16) + -8). Let f = g + -5550. Is f a prime number?
True
Suppose 0 = -23*o + 22*o + 4*a + 3271517, -5*a - 15 = 0. Is o composite?
True
Let y be (12/(-10))/(4/(-4920)). Let c = y + -523. Is c composite?
False
Suppose 0 = 13*b - 9*b - 96. Suppose b*l - 31*l + 99337 = 0. Is l a prime number?
False
Let x(z) = -z**3 - 13*z**2 + 8*z + 9. Let r = 14 - 12. Suppose r*m + 32 = 4*v - 3*v, -2*m = -2*v + 36. Is x(m) a prime number?
False
Let i(j) = 6*j**3 - 11*j**2 + j - 3. Let u(p) = 31*p**3 - 56*p**2 + 7*p - 14. Let f(l) = -11*i(l) + 2*u(l). Is f(-8) composite?
True
Suppose -158 = 5*s - 3*y, -3*s - 34 - 76 = 2*y. Is (-309204)/(-68) + 4/s prime?
True
Suppose 11311 = -387*t + 388*t. Is t composite?
False
Let j = 639161 - 204338. Is j a prime number?
False
Let t = -9733 -